f 19 and 23546301.
19
What is the greatest common factor of 253487159 and 753?
251
Calculate the greatest common divisor of 406 and 129888651.
29
What is the highest common factor of 200126 and 2197128?
4258
Calculate the highest common factor of 308 and 7803026.
154
Calculate the greatest common factor of 1519802 and 2686.
158
What is the highest common factor of 5522 and 626?
2
What is the highest common divisor of 4872 and 10839156?
348
What is the highest common factor of 4004760 and 420?
60
Calculate the greatest common factor of 5002789 and 242.
11
Calculate the greatest common factor of 492362 and 1235.
13
What is the highest common factor of 401958 and 988758?
2934
Calculate the greatest common factor of 122928 and 942864.
624
Calculate the greatest common divisor of 3586 and 5492146.
22
Calculate the highest common divisor of 14 and 6454308.
14
Calculate the highest common factor of 8190 and 4996299.
21
Calculate the greatest common divisor of 1370 and 1012270.
10
Calculate the greatest common factor of 7382 and 1386723464.
7382
What is the greatest common divisor of 3097477 and 172113?
557
What is the greatest common factor of 1881598 and 12?
2
Calculate the greatest common divisor of 3660 and 7926340.
1220
What is the highest common divisor of 906 and 3424076?
302
Calculate the highest common divisor of 36354 and 875733.
249
What is the highest common factor of 282 and 56860130?
94
Calculate the greatest common factor of 5345857 and 630421.
2827
What is the highest common factor of 194891007 and 86?
43
Calculate the greatest common factor of 50546 and 11464798.
254
Calculate the highest common divisor of 74 and 1105441378.
74
What is the highest common divisor of 33930 and 484038594?
6786
Calculate the highest common factor of 1072 and 2305.
1
What is the highest common factor of 10306 and 25471279?
5153
Calculate the greatest common factor of 126014 and 462.
14
What is the highest common divisor of 2302 and 148025506?
2302
What is the highest common divisor of 43171262 and 493?
17
Calculate the greatest common factor of 7044 and 1274292.
12
Calculate the highest common factor of 28009 and 13055979.
757
Calculate the greatest common factor of 137433 and 31710975.
2253
Calculate the greatest common factor of 1146897 and 28593.
3177
What is the greatest common divisor of 38226529 and 278?
139
What is the greatest common factor of 59184 and 134448?
48
Calculate the highest common divisor of 59740 and 2144840.
580
Calculate the greatest common factor of 46189 and 86990683.
4199
Calculate the greatest common divisor of 290 and 61026730.
290
Calculate the highest common factor of 1264694 and 10.
2
Calculate the greatest common factor of 8554902 and 266.
38
Calculate the highest common divisor of 308 and 64920317.
77
Calculate the greatest common divisor of 24592267 and 49.
49
Calculate the greatest common factor of 377622 and 459540.
1998
Calculate the greatest common divisor of 404244 and 1170.
18
Calculate the greatest common divisor of 143526152 and 168.
56
What is the highest common factor of 3995468463 and 1281?
1281
Calculate the greatest common factor of 1851 and 13142717.
617
Calculate the greatest common factor of 1183392 and 2436.
84
Calculate the greatest common divisor of 6030808 and 664.
8
What is the greatest common factor of 56 and 125004264?
56
What is the highest common factor of 19710 and 2255189?
73
What is the highest common divisor of 2238471 and 27?
9
Calculate the greatest common factor of 53410 and 1527330.
490
What is the highest common divisor of 529098 and 10835148?
3246
What is the highest common divisor of 1493 and 81?
1
Calculate the greatest common divisor of 35565 and 345.
15
What is the greatest common factor of 2040599 and 2068?
517
What is the greatest common factor of 48 and 52018014?
6
Calculate the greatest common factor of 665 and 1360940.
35
What is the greatest common factor of 299 and 28160372?
23
Calculate the greatest common divisor of 505715 and 5855.
5
What is the greatest common factor of 73486243 and 361?
361
What is the highest common divisor of 22832180 and 31808?
1988
Calculate the greatest common factor of 24689994 and 1281.
1281
Calculate the highest common divisor of 1549995243 and 19.
19
What is the greatest common factor of 1 and 2841077?
1
Calculate the highest common divisor of 1222 and 39927017.
611
Calculate the greatest common divisor of 22857422 and 6762.
98
What is the greatest common divisor of 3541525 and 67990?
65
What is the highest common divisor of 389828357 and 184?
23
What is the greatest common divisor of 320370185 and 5?
5
Calculate the greatest common divisor of 692270300 and 155.
155
What is the greatest common factor of 20010400 and 425?
25
What is the highest common divisor of 17344880 and 319130?
3290
What is the highest common factor of 35890 and 40034?
74
What is the highest common divisor of 268 and 565346?
134
What is the highest common divisor of 5526 and 46?
2
What is the greatest common divisor of 836000 and 10526?
38
Calculate the highest common divisor of 29240800 and 800.
800
Calculate the highest common factor of 5153 and 1098.
1
What is the greatest common factor of 103595 and 27570?
5
Calculate the greatest common factor of 184107 and 433356.
231
What is the highest common divisor of 1408 and 520850?
22
What is the greatest common factor of 334 and 32253211?
167
What is the greatest common divisor of 71 and 595318457?
71
Calculate the greatest common divisor of 33847 and 4668895.
1991
Calculate the greatest common divisor of 93 and 54420221.
31
Calculate the greatest common divisor of 253 and 3556333.
11
Calculate the greatest common factor of 6765159 and 228.
57
Calculate the greatest common factor of 19619048 and 1616.
808
What is the highest common divisor of 920 and 4014520?
40
What is the highest common factor of 2021568 and 864?
96
What is the highest common factor of 12699042 and 300?
6
Calculate the highest common factor of 186134555 and 830.
415
Calculate the greatest common divisor of 528 and 559200.
48
Calculate the greatest common divisor of 3796555048 and 484.
484
Calculate the greatest common factor of 390105897 and 3.
3
What is the greatest common divisor of 115 and 2184977?
23
What is the greatest common factor of 133120 and 151190?
130
Calculate the greatest common factor of 1428 and 64547.
7
Calculate the highest common factor of 142703932 and 182.
14
Calculate the greatest common factor of 42096 and 285720.
24
Calculate the highest common divisor of 18885820 and 249.
83
Calculate the highest common divisor of 718 and 114117125.
359
What is the greatest common divisor of 180 and 6482115?
45
Calculate the highest common divisor of 260 and 727584.
52
Calculate the greatest common divisor of 9 and 1234800783.
9
Calculate the greatest common divisor of 131758515 and 4221.
4221
Calculate the greatest common divisor of 89883 and 5967.
27
What is the greatest common divisor of 198 and 12180278?
22
Calculate the highest common factor of 850127 and 1512034.
3137
What is the highest common divisor of 5712003 and 51579?
99
What is the highest common factor of 118216 and 896?
56
Calculate the greatest common factor of 34903063 and 338.
169
What is the greatest common factor of 2915924 and 154?
22
What is the highest common divisor of 176099 and 6391?
77
Calculate the greatest common factor of 348 and 184584.
12
Calculate the highest common factor of 33772400 and 50.
50
What is the highest common factor of 307631951 and 11?
11
What is the greatest common factor of 14 and 62982584?
14
Calculate the greatest common factor of 3147809 and 3396.
283
What is the highest common factor of 9453486 and 282?
282
What is the highest common divisor of 169641 and 2678?
103
Calculate the highest common factor of 90 and 6213550.
10
Calculate the greatest common divisor of 13694 and 90938.
82
What is the highest common divisor of 28140 and 10797150?
210
What is the greatest common divisor of 1676 and 19109333?
419
What is the highest common divisor of 289885445 and 69?
23
Calculate the greatest common divisor of 2411563 and 112.
7
What is the highest common factor of 2808 and 1363968?
72
What is the highest common divisor of 812 and 1113455?
203
Calculate 